{"id":415,"date":"2015-11-17T04:19:36","date_gmt":"2015-11-17T04:19:36","guid":{"rendered":"http:\/\/cdn.logistics.stylemixthemes.com\/demo\/?page_id=415"},"modified":"2018-12-30T18:06:31","modified_gmt":"2018-12-30T17:06:31","slug":"about-us","status":"publish","type":"page","link":"https:\/\/tristar-logistics.com\/index.php\/about-us\/","title":{"rendered":"Qui sommes nous"},"content":{"rendered":"<p>[vc_row][vc_column offset=\u00a0\u00bbvc_col-lg-9 vc_col-md-9&Prime;][vc_single_image image=\u00a0\u00bb1313&Prime; img_size=\u00a0\u00bbfull\u00a0\u00bb alignment=\u00a0\u00bbcenter\u00a0\u00bb style=\u00a0\u00bbvc_box_rounded\u00a0\u00bb][vc_column_text css=\u00a0\u00bb.vc_custom_1546039062365{margin-bottom: 30px !important;}\u00a0\u00bb]<\/p>\n<h2>Qui est TRISTAR<\/h2>\n<p>Sarl Transit TRISTAR &amp; Logistique est une entreprise depuis longtemps connue pour son excellent<br \/>\nservice.<br \/>\nPour s&rsquo;assurer que les besoins des clients soient satisfaits, nous nous engageons \u00e0 vous donner le<br \/>\nservice que vous d\u00e9sirez et attendez.<br \/>\nTRISTAR initi\u00e9 le d\u00e9veloppement de services , de logistique et de transit depuis 1997 et a ainsi<br \/>\nacquis une grande exp\u00e9rience dans l&rsquo;importation et l&rsquo;exportation.<br \/>\nEtant nous-m\u00eames align\u00e9s sur les exigences de qualit\u00e9 et de rigueur des grandes entreprises, nous<br \/>\nsommes en mesure d&rsquo;offrir aux secteurs du P\u00e9trole et du Gaz des services de haute qualit\u00e9.<br \/>\nAyant des agences r\u00e9parties dans toute l&rsquo;Alg\u00e9rie, nous sommes capables de g\u00e9rer toutes vos<br \/>\nexp\u00e9ditions sur les diff\u00e9rents ports alg\u00e9riens : Oran, Arzew, Mostaganem, Alger, Annaba, Skikda. Il en<br \/>\nest ainsi pour les a\u00e9roports de : Annaba, Alger, Oran, Hassi Messaoud, ainsi que les fronti\u00e8res<br \/>\nterrestres avec la Tunisie : Souk Ahras, poste fronti\u00e8re d&rsquo;El Hdada, et El Ayoun \u00e0 El Kala.<\/p>\n<h2>Nos missions<\/h2>\n<p>[\/vc_column_text][vc_row_inner css=\u00a0\u00bb.vc_custom_1448605934156{margin-bottom: 80px !important;}\u00a0\u00bb][vc_column_inner width=\u00a0\u00bb1\/2&Prime;][vc_column_text css=\u00a0\u00bb.vc_custom_1546039150087{margin-bottom: 30px !important;}\u00a0\u00bb]<\/p>\n<ul class=\"style_3\">\n<li>D\u00e9douanement.<\/li>\n<li>Consulting &amp; Solutions logistiques.<\/li>\n<li>Emballage et rembourrage.<\/li>\n<li>Stockage, entreposage et gardiennage.<\/li>\n<li>Transport de cargaisons lourdes \/transports int\u00e9rieurs DGX \/ \u00e9quipements<\/li>\n<\/ul>\n<p>[\/vc_column_text][\/vc_column_inner][vc_column_inner width=\u00a0\u00bb1\/2&Prime;][vc_column_text]<\/p>\n<ul class=\"style_3\">\n<li>Transfert de fret a\u00e9rien.<\/li>\n<li>exp\u00e9dition de fret maritime.<\/li>\n<li>Services et assistance au personnel.<\/li>\n<li>Assurances et conseil juridique.<\/li>\n<li>Equipements de levage exceptionnels.<\/li>\n<\/ul>\n<p>[\/vc_column_text][\/vc_column_inner][\/vc_row_inner][\/vc_column][vc_column width=\u00a0\u00bb1\/4&Prime; offset=\u00a0\u00bbvc_hidden-sm vc_hidden-xs\u00a0\u00bb][stm_sidebar sidebar=\u00a0\u00bb272&Prime;][\/vc_column][\/vc_row][vc_row][vc_column][vc_custom_heading text=\u00a0\u00bbRencontrez notre \u00e9quipe\u00a0\u00bb use_theme_fonts=\u00a0\u00bbyes\u00a0\u00bb][stm_staff_list style=\u00a0\u00bbgrid\u00a0\u00bb per_row=\u00a0\u00bb3&Prime; count=\u00a0\u00bb6&Prime;][\/vc_column][\/vc_row][vc_row][vc_column][vc_custom_heading text=\u00a0\u00bbIls nous ont fait confiance\u00a0\u00bb use_theme_fonts=\u00a0\u00bbyes\u00a0\u00bb][stm_image_carousel grayscale=\u00a0\u00bbyes\u00a0\u00bb img_size=\u00a0\u00bbfull\u00a0\u00bb autoplay=\u00a0\u00bbyes\u00a0\u00bb timeout=\u00a0\u00bb4000&Prime; items=\u00a0\u00bb5&Prime; items_small_desktop=\u00a0\u00bb3&Prime; items_mobile=\u00a0\u00bb2&Prime; images=\u00a0\u00bb1257,1256,1265,1267,1270,1273&Prime; css=\u00a0\u00bb.vc_custom_1546102514157{margin-bottom: 80px !important;}\u00a0\u00bb][\/vc_column][\/vc_row][vc_row full_width=\u00a0\u00bbstretch_row\u00a0\u00bb el_class=\u00a0\u00bbsecondary_bg_color\u00a0\u00bb css=\u00a0\u00bb.vc_custom_1447734480631{margin-bottom: 0px !important;}\u00a0\u00bb][vc_column][vc_cta h2=\u00a0\u00bbVous voulez un accompagnement d&rsquo;expert\u00a0\u00bb txt_align=\u00a0\u00bbcenter\u00a0\u00bb shape=\u00a0\u00bbsquare\u00a0\u00bb add_button=\u00a0\u00bbright\u00a0\u00bb btn_title=\u00a0\u00bbContactez nous\u00a0\u00bb btn_style=\u00a0\u00bboutline\u00a0\u00bb btn_shape=\u00a0\u00bbround\u00a0\u00bb btn_color=\u00a0\u00bbwhite\u00a0\u00bb btn_i_align=\u00a0\u00bbright\u00a0\u00bb btn_i_icon_fontawesome=\u00a0\u00bbstm-arrow-next\u00a0\u00bb btn_add_icon=\u00a0\u00bbtrue\u00a0\u00bb el_class=\u00a0\u00bbsecondary_bg_color\u00a0\u00bb btn_link=\u00a0\u00bburl:http%3A%2F%2F192.168.1.11%2Ftristar%2Findex.php%2Fcontacts%2F|||\u00a0\u00bb][\/vc_cta][\/vc_column][\/vc_row]<\/p>\n","protected":false},"excerpt":{"rendered":"<p>[vc_row][vc_column offset=\u00a0\u00bbvc_col-lg-9 vc_col-md-9&Prime;][vc_single_image image=\u00a0\u00bb1313&Prime; img_size=\u00a0\u00bbfull\u00a0\u00bb alignment=\u00a0\u00bbcenter\u00a0\u00bb style=\u00a0\u00bbvc_box_rounded\u00a0\u00bb][vc_column_text css=\u00a0\u00bb.vc_custom_1546039062365{margin-bottom: 30px !important;}\u00a0\u00bb] Qui est TRISTAR Sarl Transit TRISTAR &amp; Logistique est une entreprise depuis longtemps connue pour son excellent service. Pour s&rsquo;assurer que les besoins&#8230;<\/p>\n","protected":false},"author":1,"featured_media":0,"parent":0,"menu_order":0,"comment_status":"closed","ping_status":"closed","template":"","meta":[],"_links":{"self":[{"href":"https:\/\/tristar-logistics.com\/index.php\/wp-json\/wp\/v2\/pages\/415"}],"collection":[{"href":"https:\/\/tristar-logistics.com\/index.php\/wp-json\/wp\/v2\/pages"}],"about":[{"href":"https:\/\/tristar-logistics.com\/index.php\/wp-json\/wp\/v2\/types\/page"}],"author":[{"embeddable":true,"href":"https:\/\/tristar-logistics.com\/index.php\/wp-json\/wp\/v2\/users\/1"}],"replies":[{"embeddable":true,"href":"https:\/\/tristar-logistics.com\/index.php\/wp-json\/wp\/v2\/comments?post=415"}],"version-history":[{"count":52,"href":"https:\/\/tristar-logistics.com\/index.php\/wp-json\/wp\/v2\/pages\/415\/revisions"}],"predecessor-version":[{"id":1415,"href":"https:\/\/tristar-logistics.com\/index.php\/wp-json\/wp\/v2\/pages\/415\/revisions\/1415"}],"wp:attachment":[{"href":"https:\/\/tristar-logistics.com\/index.php\/wp-json\/wp\/v2\/media?parent=415"}],"curies":[{"name":"wp","href":"https:\/\/api.w.org\/{rel}","templated":true}]}}